{"id":17555,"date":"2021-09-29T19:05:12","date_gmt":"2021-09-29T19:05:12","guid":{"rendered":"https:\/\/galerie-institut.com\/produit\/georges-braque-the-poet-1958\/"},"modified":"2025-11-21T16:41:53","modified_gmt":"2025-11-21T16:41:53","slug":"georges-braque-le-poete-dans-cinq-poesies-en-hommage-a-georges-braque","status":"publish","type":"product","link":"https:\/\/galerie-institut.com\/en\/produit\/georges-braque-le-poete-dans-cinq-poesies-en-hommage-a-georges-braque\/","title":{"rendered":"Georges, Braque, The Poet, 1958"},"content":{"rendered":"<p>1958<\/p>\n<p>Original lithograph in color on Japon nacr\u00e9 paper for the cover of the original edition of <em>Cinq po\u00e9sies en hommage \u00e0 Georges Braque<\/em> by Ren\u00e9 Char, Gen\u00e8ve, Edwin Engelberts \u00e9diteur, 1958<\/p>\n<p>55 x 70.5 cm<\/p>\n<p>Numbered in pencil lower left of 75, signed by the artist in pencil lower right<\/p>\n<p>Tirage Mourlot, Paris<\/p>\n<p>Catalogue raisonn\u00e9 : Vallier 131<\/p>\n","protected":false},"excerpt":{"rendered":"<p>This original color lithograph forms the cover of the book <em>Cinq po\u00e9sies en hommage \u00e0 Georges Braque<\/em> with text by Ren\u00e9 Char. For the book, the paper margins are folded inside. The friendship between Ren\u00e9 Char and Georges Braque began in 1945, as evidenced by the many illustrated books they produced together. The right-hand side of the subject shows a Greek-inspired profile of a man, while on the left a bird seems to be joining him.   <\/p>\n","protected":false},"featured_media":17557,"comment_status":"open","ping_status":"closed","template":"","meta":{"_et_pb_use_builder":"","_et_pb_old_content":"","_et_gb_content_width":""},"product_brand":[],"product_cat":[300,267],"product_tag":[180,268],"class_list":{"0":"post-17555","1":"product","2":"type-product","3":"status-publish","4":"has-post-thumbnail","6":"product_cat-braque","7":"product_cat-estampes","8":"product_tag-lithography","9":"product_tag-print","11":"first","12":"instock","13":"shipping-taxable","14":"product-type-simple"},"yoast_head":"<!-- This site is optimized with the Yoast SEO plugin v27.5 - https:\/\/yoast.com\/product\/yoast-seo-wordpress\/ -->\n<title>Georges, Braque, The Poet, 1958 - Galerie Institut<\/title>\n<meta name=\"description\" content=\"D\u00e9couvrez l&#039;oeuvre Georges, Braque, The Poet, 1958 disponible \u00e0 la Galerie de l&#039;Institut. Si vous \u00eates int\u00e9ress\u00e9.e.s par Georges, Braque, The Poet, 1958 merci de nous contacter \u00e0 contact@galerie-institut.com\" \/>\n<meta name=\"robots\" content=\"index, follow, max-snippet:-1, max-image-preview:large, max-video-preview:-1\" \/>\n<link rel=\"canonical\" href=\"https:\/\/galerie-institut.com\/en\/produit\/georges-braque-le-poete-dans-cinq-poesies-en-hommage-a-georges-braque\/\" \/>\n<meta property=\"og:locale\" content=\"en_US\" \/>\n<meta property=\"og:type\" content=\"article\" \/>\n<meta property=\"og:title\" content=\"Georges, Braque, The Poet, 1958 - Galerie Institut\" \/>\n<meta property=\"og:description\" content=\"D\u00e9couvrez l&#039;oeuvre Georges, Braque, The Poet, 1958 disponible \u00e0 la Galerie de l&#039;Institut. Si vous \u00eates int\u00e9ress\u00e9.e.s par Georges, Braque, The Poet, 1958 merci de nous contacter \u00e0 contact@galerie-institut.com\" \/>\n<meta property=\"og:url\" content=\"https:\/\/galerie-institut.com\/en\/produit\/georges-braque-le-poete-dans-cinq-poesies-en-hommage-a-georges-braque\/\" \/>\n<meta property=\"og:site_name\" content=\"Galerie Institut\" \/>\n<meta property=\"article:modified_time\" content=\"2025-11-21T16:41:53+00:00\" \/>\n<meta property=\"og:image\" content=\"https:\/\/galerie-institut.com\/wp-content\/uploads\/2021\/09\/braque-georges-1958-le-poete-dans-cinq-poesies-en-hommage-a-georges-braque.jpg\" \/>\n\t<meta property=\"og:image:width\" content=\"1000\" \/>\n\t<meta property=\"og:image:height\" content=\"1000\" \/>\n\t<meta property=\"og:image:type\" content=\"image\/jpeg\" \/>\n<meta name=\"twitter:card\" content=\"summary_large_image\" \/>\n<script type=\"application\/ld+json\" class=\"yoast-schema-graph\">{\"@context\":\"https:\\\/\\\/schema.org\",\"@graph\":[{\"@type\":\"WebPage\",\"@id\":\"https:\\\/\\\/galerie-institut.com\\\/en\\\/produit\\\/georges-braque-le-poete-dans-cinq-poesies-en-hommage-a-georges-braque\\\/\",\"url\":\"https:\\\/\\\/galerie-institut.com\\\/en\\\/produit\\\/georges-braque-le-poete-dans-cinq-poesies-en-hommage-a-georges-braque\\\/\",\"name\":\"Georges, Braque, The Poet, 1958 - Galerie Institut\",\"isPartOf\":{\"@id\":\"https:\\\/\\\/galerie-institut.com\\\/en\\\/#website\"},\"primaryImageOfPage\":{\"@id\":\"https:\\\/\\\/galerie-institut.com\\\/en\\\/produit\\\/georges-braque-le-poete-dans-cinq-poesies-en-hommage-a-georges-braque\\\/#primaryimage\"},\"image\":{\"@id\":\"https:\\\/\\\/galerie-institut.com\\\/en\\\/produit\\\/georges-braque-le-poete-dans-cinq-poesies-en-hommage-a-georges-braque\\\/#primaryimage\"},\"thumbnailUrl\":\"https:\\\/\\\/galerie-institut.com\\\/wp-content\\\/uploads\\\/2021\\\/09\\\/braque-georges-1958-le-poete-dans-cinq-poesies-en-hommage-a-georges-braque.jpg\",\"datePublished\":\"2021-09-29T19:05:12+00:00\",\"dateModified\":\"2025-11-21T16:41:53+00:00\",\"description\":\"D\u00e9couvrez l'oeuvre Georges, Braque, The Poet, 1958 disponible \u00e0 la Galerie de l'Institut. Si vous \u00eates int\u00e9ress\u00e9.e.s par Georges, Braque, The Poet, 1958 merci de nous contacter \u00e0 contact@galerie-institut.com\",\"breadcrumb\":{\"@id\":\"https:\\\/\\\/galerie-institut.com\\\/en\\\/produit\\\/georges-braque-le-poete-dans-cinq-poesies-en-hommage-a-georges-braque\\\/#breadcrumb\"},\"inLanguage\":\"en-US\",\"potentialAction\":[{\"@type\":\"ReadAction\",\"target\":[\"https:\\\/\\\/galerie-institut.com\\\/en\\\/produit\\\/georges-braque-le-poete-dans-cinq-poesies-en-hommage-a-georges-braque\\\/\"]}]},{\"@type\":\"ImageObject\",\"inLanguage\":\"en-US\",\"@id\":\"https:\\\/\\\/galerie-institut.com\\\/en\\\/produit\\\/georges-braque-le-poete-dans-cinq-poesies-en-hommage-a-georges-braque\\\/#primaryimage\",\"url\":\"https:\\\/\\\/galerie-institut.com\\\/wp-content\\\/uploads\\\/2021\\\/09\\\/braque-georges-1958-le-poete-dans-cinq-poesies-en-hommage-a-georges-braque.jpg\",\"contentUrl\":\"https:\\\/\\\/galerie-institut.com\\\/wp-content\\\/uploads\\\/2021\\\/09\\\/braque-georges-1958-le-poete-dans-cinq-poesies-en-hommage-a-georges-braque.jpg\",\"width\":1000,\"height\":1000},{\"@type\":\"BreadcrumbList\",\"@id\":\"https:\\\/\\\/galerie-institut.com\\\/en\\\/produit\\\/georges-braque-le-poete-dans-cinq-poesies-en-hommage-a-georges-braque\\\/#breadcrumb\",\"itemListElement\":[{\"@type\":\"ListItem\",\"position\":1,\"name\":\"Accueil\",\"item\":\"https:\\\/\\\/galerie-institut.com\\\/en\\\/accueil\\\/\"},{\"@type\":\"ListItem\",\"position\":2,\"name\":\"Boutique\",\"item\":\"https:\\\/\\\/galerie-institut.com\\\/?page_id=8607\"},{\"@type\":\"ListItem\",\"position\":3,\"name\":\"Georges, Braque, The Poet, 1958\"}]},{\"@type\":\"WebSite\",\"@id\":\"https:\\\/\\\/galerie-institut.com\\\/en\\\/#website\",\"url\":\"https:\\\/\\\/galerie-institut.com\\\/en\\\/\",\"name\":\"Galerie Institut\",\"description\":\"\",\"potentialAction\":[{\"@type\":\"SearchAction\",\"target\":{\"@type\":\"EntryPoint\",\"urlTemplate\":\"https:\\\/\\\/galerie-institut.com\\\/en\\\/?s={search_term_string}\"},\"query-input\":{\"@type\":\"PropertyValueSpecification\",\"valueRequired\":true,\"valueName\":\"search_term_string\"}}],\"inLanguage\":\"en-US\"}]}<\/script>\n<!-- \/ Yoast SEO plugin. -->","yoast_head_json":{"title":"Georges, Braque, The Poet, 1958 - Galerie Institut","description":"D\u00e9couvrez l'oeuvre Georges, Braque, The Poet, 1958 disponible \u00e0 la Galerie de l'Institut. Si vous \u00eates int\u00e9ress\u00e9.e.s par Georges, Braque, The Poet, 1958 merci de nous contacter \u00e0 contact@galerie-institut.com","robots":{"index":"index","follow":"follow","max-snippet":"max-snippet:-1","max-image-preview":"max-image-preview:large","max-video-preview":"max-video-preview:-1"},"canonical":"https:\/\/galerie-institut.com\/en\/produit\/georges-braque-le-poete-dans-cinq-poesies-en-hommage-a-georges-braque\/","og_locale":"en_US","og_type":"article","og_title":"Georges, Braque, The Poet, 1958 - Galerie Institut","og_description":"D\u00e9couvrez l'oeuvre Georges, Braque, The Poet, 1958 disponible \u00e0 la Galerie de l'Institut. Si vous \u00eates int\u00e9ress\u00e9.e.s par Georges, Braque, The Poet, 1958 merci de nous contacter \u00e0 contact@galerie-institut.com","og_url":"https:\/\/galerie-institut.com\/en\/produit\/georges-braque-le-poete-dans-cinq-poesies-en-hommage-a-georges-braque\/","og_site_name":"Galerie Institut","article_modified_time":"2025-11-21T16:41:53+00:00","og_image":[{"width":1000,"height":1000,"url":"https:\/\/galerie-institut.com\/wp-content\/uploads\/2021\/09\/braque-georges-1958-le-poete-dans-cinq-poesies-en-hommage-a-georges-braque.jpg","type":"image\/jpeg"}],"twitter_card":"summary_large_image","schema":{"@context":"https:\/\/schema.org","@graph":[{"@type":"WebPage","@id":"https:\/\/galerie-institut.com\/en\/produit\/georges-braque-le-poete-dans-cinq-poesies-en-hommage-a-georges-braque\/","url":"https:\/\/galerie-institut.com\/en\/produit\/georges-braque-le-poete-dans-cinq-poesies-en-hommage-a-georges-braque\/","name":"Georges, Braque, The Poet, 1958 - Galerie Institut","isPartOf":{"@id":"https:\/\/galerie-institut.com\/en\/#website"},"primaryImageOfPage":{"@id":"https:\/\/galerie-institut.com\/en\/produit\/georges-braque-le-poete-dans-cinq-poesies-en-hommage-a-georges-braque\/#primaryimage"},"image":{"@id":"https:\/\/galerie-institut.com\/en\/produit\/georges-braque-le-poete-dans-cinq-poesies-en-hommage-a-georges-braque\/#primaryimage"},"thumbnailUrl":"https:\/\/galerie-institut.com\/wp-content\/uploads\/2021\/09\/braque-georges-1958-le-poete-dans-cinq-poesies-en-hommage-a-georges-braque.jpg","datePublished":"2021-09-29T19:05:12+00:00","dateModified":"2025-11-21T16:41:53+00:00","description":"D\u00e9couvrez l'oeuvre Georges, Braque, The Poet, 1958 disponible \u00e0 la Galerie de l'Institut. Si vous \u00eates int\u00e9ress\u00e9.e.s par Georges, Braque, The Poet, 1958 merci de nous contacter \u00e0 contact@galerie-institut.com","breadcrumb":{"@id":"https:\/\/galerie-institut.com\/en\/produit\/georges-braque-le-poete-dans-cinq-poesies-en-hommage-a-georges-braque\/#breadcrumb"},"inLanguage":"en-US","potentialAction":[{"@type":"ReadAction","target":["https:\/\/galerie-institut.com\/en\/produit\/georges-braque-le-poete-dans-cinq-poesies-en-hommage-a-georges-braque\/"]}]},{"@type":"ImageObject","inLanguage":"en-US","@id":"https:\/\/galerie-institut.com\/en\/produit\/georges-braque-le-poete-dans-cinq-poesies-en-hommage-a-georges-braque\/#primaryimage","url":"https:\/\/galerie-institut.com\/wp-content\/uploads\/2021\/09\/braque-georges-1958-le-poete-dans-cinq-poesies-en-hommage-a-georges-braque.jpg","contentUrl":"https:\/\/galerie-institut.com\/wp-content\/uploads\/2021\/09\/braque-georges-1958-le-poete-dans-cinq-poesies-en-hommage-a-georges-braque.jpg","width":1000,"height":1000},{"@type":"BreadcrumbList","@id":"https:\/\/galerie-institut.com\/en\/produit\/georges-braque-le-poete-dans-cinq-poesies-en-hommage-a-georges-braque\/#breadcrumb","itemListElement":[{"@type":"ListItem","position":1,"name":"Accueil","item":"https:\/\/galerie-institut.com\/en\/accueil\/"},{"@type":"ListItem","position":2,"name":"Boutique","item":"https:\/\/galerie-institut.com\/?page_id=8607"},{"@type":"ListItem","position":3,"name":"Georges, Braque, The Poet, 1958"}]},{"@type":"WebSite","@id":"https:\/\/galerie-institut.com\/en\/#website","url":"https:\/\/galerie-institut.com\/en\/","name":"Galerie Institut","description":"","potentialAction":[{"@type":"SearchAction","target":{"@type":"EntryPoint","urlTemplate":"https:\/\/galerie-institut.com\/en\/?s={search_term_string}"},"query-input":{"@type":"PropertyValueSpecification","valueRequired":true,"valueName":"search_term_string"}}],"inLanguage":"en-US"}]}},"_links":{"self":[{"href":"https:\/\/galerie-institut.com\/en\/wp-json\/wp\/v2\/product\/17555","targetHints":{"allow":["GET"]}}],"collection":[{"href":"https:\/\/galerie-institut.com\/en\/wp-json\/wp\/v2\/product"}],"about":[{"href":"https:\/\/galerie-institut.com\/en\/wp-json\/wp\/v2\/types\/product"}],"replies":[{"embeddable":true,"href":"https:\/\/galerie-institut.com\/en\/wp-json\/wp\/v2\/comments?post=17555"}],"wp:featuredmedia":[{"embeddable":true,"href":"https:\/\/galerie-institut.com\/en\/wp-json\/wp\/v2\/media\/17557"}],"wp:attachment":[{"href":"https:\/\/galerie-institut.com\/en\/wp-json\/wp\/v2\/media?parent=17555"}],"wp:term":[{"taxonomy":"product_brand","embeddable":true,"href":"https:\/\/galerie-institut.com\/en\/wp-json\/wp\/v2\/product_brand?post=17555"},{"taxonomy":"product_cat","embeddable":true,"href":"https:\/\/galerie-institut.com\/en\/wp-json\/wp\/v2\/product_cat?post=17555"},{"taxonomy":"product_tag","embeddable":true,"href":"https:\/\/galerie-institut.com\/en\/wp-json\/wp\/v2\/product_tag?post=17555"}],"curies":[{"name":"wp","href":"https:\/\/api.w.org\/{rel}","templated":true}]}}

<p>1958</p>
<p>Original lithograph in color on Japon nacré paper for the cover of the original edition of <em>Cinq poésies en hommage à Georges Braque</em> by René Char, Genève, Edwin Engelberts éditeur, 1958</p>
<p>55 x 70.5 cm</p>
<p>Numbered in pencil lower left of 75, signed by the artist in pencil lower right</p>
<p>Tirage Mourlot, Paris</p>
<p>Catalogue raisonné : Vallier 131</p>

<p>This original color lithograph forms the cover of the book <em>Cinq poésies en hommage à Georges Braque</em> with text by René Char. For the book, the paper margins are folded inside. The friendship between René Char and Georges Braque began in 1945, as evidenced by the many illustrated books they produced together. The right-hand side of the subject shows a Greek-inspired profile of a man, while on the left a bird seems to be joining him.   </p>

<!-- This site is optimized with the Yoast SEO plugin v27.5 - https://yoast.com/product/yoast-seo-wordpress/ -->
<title>Georges, Braque, The Poet, 1958 - Galerie Institut</title>
<meta name="description" content="Découvrez l&#039;oeuvre Georges, Braque, The Poet, 1958 disponible à la Galerie de l&#039;Institut. Si vous êtes intéressé.e.s par Georges, Braque, The Poet, 1958 merci de nous contacter à contact@galerie-institut.com" />
<meta name="robots" content="index, follow, max-snippet:-1, max-image-preview:large, max-video-preview:-1" />
<link rel="canonical" href="https://galerie-institut.com/en/produit/georges-braque-le-poete-dans-cinq-poesies-en-hommage-a-georges-braque/" />
<meta property="og:locale" content="en_US" />
<meta property="og:type" content="article" />
<meta property="og:title" content="Georges, Braque, The Poet, 1958 - Galerie Institut" />
<meta property="og:description" content="Découvrez l&#039;oeuvre Georges, Braque, The Poet, 1958 disponible à la Galerie de l&#039;Institut. Si vous êtes intéressé.e.s par Georges, Braque, The Poet, 1958 merci de nous contacter à contact@galerie-institut.com" />
<meta property="og:url" content="https://galerie-institut.com/en/produit/georges-braque-le-poete-dans-cinq-poesies-en-hommage-a-georges-braque/" />
<meta property="og:site_name" content="Galerie Institut" />
<meta property="article:modified_time" content="2025-11-21T16:41:53+00:00" />
<meta property="og:image" content="https://galerie-institut.com/wp-content/uploads/2021/09/braque-georges-1958-le-poete-dans-cinq-poesies-en-hommage-a-georges-braque.jpg" />
	<meta property="og:image:width" content="1000" />
	<meta property="og:image:height" content="1000" />
	<meta property="og:image:type" content="image/jpeg" />
<meta name="twitter:card" content="summary_large_image" />
<script type="application/ld+json" class="yoast-schema-graph">{"@context":"https:\/\/schema.org","@graph":[{"@type":"WebPage","@id":"https:\/\/galerie-institut.com\/en\/produit\/georges-braque-le-poete-dans-cinq-poesies-en-hommage-a-georges-braque\/","url":"https:\/\/galerie-institut.com\/en\/produit\/georges-braque-le-poete-dans-cinq-poesies-en-hommage-a-georges-braque\/","name":"Georges, Braque, The Poet, 1958 - Galerie Institut","isPartOf":{"@id":"https:\/\/galerie-institut.com\/en\/#website"},"primaryImageOfPage":{"@id":"https:\/\/galerie-institut.com\/en\/produit\/georges-braque-le-poete-dans-cinq-poesies-en-hommage-a-georges-braque\/#primaryimage"},"image":{"@id":"https:\/\/galerie-institut.com\/en\/produit\/georges-braque-le-poete-dans-cinq-poesies-en-hommage-a-georges-braque\/#primaryimage"},"thumbnailUrl":"https:\/\/galerie-institut.com\/wp-content\/uploads\/2021\/09\/braque-georges-1958-le-poete-dans-cinq-poesies-en-hommage-a-georges-braque.jpg","datePublished":"2021-09-29T19:05:12+00:00","dateModified":"2025-11-21T16:41:53+00:00","description":"Découvrez l'oeuvre Georges, Braque, The Poet, 1958 disponible à la Galerie de l'Institut. Si vous êtes intéressé.e.s par Georges, Braque, The Poet, 1958 merci de nous contacter à contact@galerie-institut.com","breadcrumb":{"@id":"https:\/\/galerie-institut.com\/en\/produit\/georges-braque-le-poete-dans-cinq-poesies-en-hommage-a-georges-braque\/#breadcrumb"},"inLanguage":"en-US","potentialAction":[{"@type":"ReadAction","target":["https:\/\/galerie-institut.com\/en\/produit\/georges-braque-le-poete-dans-cinq-poesies-en-hommage-a-georges-braque\/"]}]},{"@type":"ImageObject","inLanguage":"en-US","@id":"https:\/\/galerie-institut.com\/en\/produit\/georges-braque-le-poete-dans-cinq-poesies-en-hommage-a-georges-braque\/#primaryimage","url":"https:\/\/galerie-institut.com\/wp-content\/uploads\/2021\/09\/braque-georges-1958-le-poete-dans-cinq-poesies-en-hommage-a-georges-braque.jpg","contentUrl":"https:\/\/galerie-institut.com\/wp-content\/uploads\/2021\/09\/braque-georges-1958-le-poete-dans-cinq-poesies-en-hommage-a-georges-braque.jpg","width":1000,"height":1000},{"@type":"BreadcrumbList","@id":"https:\/\/galerie-institut.com\/en\/produit\/georges-braque-le-poete-dans-cinq-poesies-en-hommage-a-georges-braque\/#breadcrumb","itemListElement":[{"@type":"ListItem","position":1,"name":"Accueil","item":"https:\/\/galerie-institut.com\/en\/accueil\/"},{"@type":"ListItem","position":2,"name":"Boutique","item":"https:\/\/galerie-institut.com\/?page_id=8607"},{"@type":"ListItem","position":3,"name":"Georges, Braque, The Poet, 1958"}]},{"@type":"WebSite","@id":"https:\/\/galerie-institut.com\/en\/#website","url":"https:\/\/galerie-institut.com\/en\/","name":"Galerie Institut","description":"","potentialAction":[{"@type":"SearchAction","target":{"@type":"EntryPoint","urlTemplate":"https:\/\/galerie-institut.com\/en\/?s={search_term_string}"},"query-input":{"@type":"PropertyValueSpecification","valueRequired":true,"valueName":"search_term_string"}}],"inLanguage":"en-US"}]}</script>
<!-- / Yoast SEO plugin. -->

Découvrez l'oeuvre Georges, Braque, The Poet, 1958 disponible à la Galerie de l'Institut. Si vous êtes intéressé.e.s par Georges, Braque, The Poet, 1958 merci de nous contacter à contact@galerie-institut.com
