{"id":17382,"date":"2021-11-03T10:42:27","date_gmt":"2021-11-03T10:42:27","guid":{"rendered":"https:\/\/galerie-institut.com\/produit\/muhl-roger-grasse-landscape-with-olive-trees-1992\/"},"modified":"2026-04-27T09:36:32","modified_gmt":"2026-04-27T09:36:32","slug":"muhl-roger-paysage-grassois-aux-oliviers-1992","status":"publish","type":"product","link":"https:\/\/galerie-institut.com\/en\/produit\/muhl-roger-paysage-grassois-aux-oliviers-1992\/","title":{"rendered":"M\u00fchl, Roger, Grasse landscape with olive trees, 1992"},"content":{"rendered":"<p>1992<\/p>\n<p>Oil on canvas<\/p>\n<p>150 x 160 cm<\/p>\n<p>Signed by the artist lower right<\/p>\n","protected":false},"excerpt":{"rendered":"<p>A long-time resident of Mougins, Roger M\u00fchl spent much of his time painting the landscapes of southeastern France, as the seasons passed and he contemplated nature. From this canvas emanates the sweltering summer heat of the Grasse countryside, with sunlight bleaching the olive trees and meadows. The painter pays great attention to luminosity in his perception of reality, which is why some of the darker areas subtly reveal that under the olive trees, shade may provide a little freshness.  <\/p>\n","protected":false},"featured_media":17383,"comment_status":"open","ping_status":"closed","template":"","meta":{"_et_pb_use_builder":"","_et_pb_old_content":"","_et_gb_content_width":""},"product_brand":[],"product_cat":[286,272],"product_tag":[274],"class_list":{"0":"post-17382","1":"product","2":"type-product","3":"status-publish","4":"has-post-thumbnail","6":"product_cat-muhl","7":"product_cat-unique-works","8":"product_tag-table","10":"first","11":"instock","12":"shipping-taxable","13":"product-type-simple"},"yoast_head":"<!-- This site is optimized with the Yoast SEO plugin v27.5 - https:\/\/yoast.com\/product\/yoast-seo-wordpress\/ -->\n<title>M\u00fchl, Roger, Grasse landscape with olive trees, 1992 - Galerie Institut<\/title>\n<meta name=\"description\" content=\"D\u00e9couvrez l&#039;oeuvre M\u00fchl, Roger, Grasse landscape with olive trees, 1992 disponible \u00e0 la Galerie de l&#039;Institut. Si vous \u00eates int\u00e9ress\u00e9.e.s par M\u00fchl, Roger, Grasse landscape with olive trees, 1992 merci de nous contacter \u00e0 contact@galerie-institut.com\" \/>\n<meta name=\"robots\" content=\"index, follow, max-snippet:-1, max-image-preview:large, max-video-preview:-1\" \/>\n<link rel=\"canonical\" href=\"https:\/\/galerie-institut.com\/en\/produit\/muhl-roger-paysage-grassois-aux-oliviers-1992\/\" \/>\n<meta property=\"og:locale\" content=\"en_US\" \/>\n<meta property=\"og:type\" content=\"article\" \/>\n<meta property=\"og:title\" content=\"M\u00fchl, Roger, Grasse landscape with olive trees, 1992 - Galerie Institut\" \/>\n<meta property=\"og:description\" content=\"D\u00e9couvrez l&#039;oeuvre M\u00fchl, Roger, Grasse landscape with olive trees, 1992 disponible \u00e0 la Galerie de l&#039;Institut. Si vous \u00eates int\u00e9ress\u00e9.e.s par M\u00fchl, Roger, Grasse landscape with olive trees, 1992 merci de nous contacter \u00e0 contact@galerie-institut.com\" \/>\n<meta property=\"og:url\" content=\"https:\/\/galerie-institut.com\/en\/produit\/muhl-roger-paysage-grassois-aux-oliviers-1992\/\" \/>\n<meta property=\"og:site_name\" content=\"Galerie Institut\" \/>\n<meta property=\"article:modified_time\" content=\"2026-04-27T09:36:32+00:00\" \/>\n<meta property=\"og:image\" content=\"https:\/\/galerie-institut.com\/wp-content\/uploads\/2021\/11\/Muhl-Paysage-Grassois-aux-oliviers-1992.jpg\" \/>\n\t<meta property=\"og:image:width\" content=\"1000\" \/>\n\t<meta property=\"og:image:height\" content=\"1000\" \/>\n\t<meta property=\"og:image:type\" content=\"image\/jpeg\" \/>\n<meta name=\"twitter:card\" content=\"summary_large_image\" \/>\n<script type=\"application\/ld+json\" class=\"yoast-schema-graph\">{\"@context\":\"https:\\\/\\\/schema.org\",\"@graph\":[{\"@type\":\"WebPage\",\"@id\":\"https:\\\/\\\/galerie-institut.com\\\/en\\\/produit\\\/muhl-roger-paysage-grassois-aux-oliviers-1992\\\/\",\"url\":\"https:\\\/\\\/galerie-institut.com\\\/en\\\/produit\\\/muhl-roger-paysage-grassois-aux-oliviers-1992\\\/\",\"name\":\"M\u00fchl, Roger, Grasse landscape with olive trees, 1992 - Galerie Institut\",\"isPartOf\":{\"@id\":\"https:\\\/\\\/galerie-institut.com\\\/en\\\/#website\"},\"primaryImageOfPage\":{\"@id\":\"https:\\\/\\\/galerie-institut.com\\\/en\\\/produit\\\/muhl-roger-paysage-grassois-aux-oliviers-1992\\\/#primaryimage\"},\"image\":{\"@id\":\"https:\\\/\\\/galerie-institut.com\\\/en\\\/produit\\\/muhl-roger-paysage-grassois-aux-oliviers-1992\\\/#primaryimage\"},\"thumbnailUrl\":\"https:\\\/\\\/galerie-institut.com\\\/wp-content\\\/uploads\\\/2021\\\/11\\\/Muhl-Paysage-Grassois-aux-oliviers-1992.jpg\",\"datePublished\":\"2021-11-03T10:42:27+00:00\",\"dateModified\":\"2026-04-27T09:36:32+00:00\",\"description\":\"D\u00e9couvrez l'oeuvre M\u00fchl, Roger, Grasse landscape with olive trees, 1992 disponible \u00e0 la Galerie de l'Institut. Si vous \u00eates int\u00e9ress\u00e9.e.s par M\u00fchl, Roger, Grasse landscape with olive trees, 1992 merci de nous contacter \u00e0 contact@galerie-institut.com\",\"breadcrumb\":{\"@id\":\"https:\\\/\\\/galerie-institut.com\\\/en\\\/produit\\\/muhl-roger-paysage-grassois-aux-oliviers-1992\\\/#breadcrumb\"},\"inLanguage\":\"en-US\",\"potentialAction\":[{\"@type\":\"ReadAction\",\"target\":[\"https:\\\/\\\/galerie-institut.com\\\/en\\\/produit\\\/muhl-roger-paysage-grassois-aux-oliviers-1992\\\/\"]}]},{\"@type\":\"ImageObject\",\"inLanguage\":\"en-US\",\"@id\":\"https:\\\/\\\/galerie-institut.com\\\/en\\\/produit\\\/muhl-roger-paysage-grassois-aux-oliviers-1992\\\/#primaryimage\",\"url\":\"https:\\\/\\\/galerie-institut.com\\\/wp-content\\\/uploads\\\/2021\\\/11\\\/Muhl-Paysage-Grassois-aux-oliviers-1992.jpg\",\"contentUrl\":\"https:\\\/\\\/galerie-institut.com\\\/wp-content\\\/uploads\\\/2021\\\/11\\\/Muhl-Paysage-Grassois-aux-oliviers-1992.jpg\",\"width\":1000,\"height\":1000},{\"@type\":\"BreadcrumbList\",\"@id\":\"https:\\\/\\\/galerie-institut.com\\\/en\\\/produit\\\/muhl-roger-paysage-grassois-aux-oliviers-1992\\\/#breadcrumb\",\"itemListElement\":[{\"@type\":\"ListItem\",\"position\":1,\"name\":\"Accueil\",\"item\":\"https:\\\/\\\/galerie-institut.com\\\/en\\\/accueil\\\/\"},{\"@type\":\"ListItem\",\"position\":2,\"name\":\"Boutique\",\"item\":\"https:\\\/\\\/galerie-institut.com\\\/?page_id=8607\"},{\"@type\":\"ListItem\",\"position\":3,\"name\":\"M\u00fchl, Roger, Grasse landscape with olive trees, 1992\"}]},{\"@type\":\"WebSite\",\"@id\":\"https:\\\/\\\/galerie-institut.com\\\/en\\\/#website\",\"url\":\"https:\\\/\\\/galerie-institut.com\\\/en\\\/\",\"name\":\"Galerie Institut\",\"description\":\"\",\"potentialAction\":[{\"@type\":\"SearchAction\",\"target\":{\"@type\":\"EntryPoint\",\"urlTemplate\":\"https:\\\/\\\/galerie-institut.com\\\/en\\\/?s={search_term_string}\"},\"query-input\":{\"@type\":\"PropertyValueSpecification\",\"valueRequired\":true,\"valueName\":\"search_term_string\"}}],\"inLanguage\":\"en-US\"}]}<\/script>\n<!-- \/ Yoast SEO plugin. -->","yoast_head_json":{"title":"M\u00fchl, Roger, Grasse landscape with olive trees, 1992 - Galerie Institut","description":"D\u00e9couvrez l'oeuvre M\u00fchl, Roger, Grasse landscape with olive trees, 1992 disponible \u00e0 la Galerie de l'Institut. Si vous \u00eates int\u00e9ress\u00e9.e.s par M\u00fchl, Roger, Grasse landscape with olive trees, 1992 merci de nous contacter \u00e0 contact@galerie-institut.com","robots":{"index":"index","follow":"follow","max-snippet":"max-snippet:-1","max-image-preview":"max-image-preview:large","max-video-preview":"max-video-preview:-1"},"canonical":"https:\/\/galerie-institut.com\/en\/produit\/muhl-roger-paysage-grassois-aux-oliviers-1992\/","og_locale":"en_US","og_type":"article","og_title":"M\u00fchl, Roger, Grasse landscape with olive trees, 1992 - Galerie Institut","og_description":"D\u00e9couvrez l'oeuvre M\u00fchl, Roger, Grasse landscape with olive trees, 1992 disponible \u00e0 la Galerie de l'Institut. Si vous \u00eates int\u00e9ress\u00e9.e.s par M\u00fchl, Roger, Grasse landscape with olive trees, 1992 merci de nous contacter \u00e0 contact@galerie-institut.com","og_url":"https:\/\/galerie-institut.com\/en\/produit\/muhl-roger-paysage-grassois-aux-oliviers-1992\/","og_site_name":"Galerie Institut","article_modified_time":"2026-04-27T09:36:32+00:00","og_image":[{"width":1000,"height":1000,"url":"https:\/\/galerie-institut.com\/wp-content\/uploads\/2021\/11\/Muhl-Paysage-Grassois-aux-oliviers-1992.jpg","type":"image\/jpeg"}],"twitter_card":"summary_large_image","schema":{"@context":"https:\/\/schema.org","@graph":[{"@type":"WebPage","@id":"https:\/\/galerie-institut.com\/en\/produit\/muhl-roger-paysage-grassois-aux-oliviers-1992\/","url":"https:\/\/galerie-institut.com\/en\/produit\/muhl-roger-paysage-grassois-aux-oliviers-1992\/","name":"M\u00fchl, Roger, Grasse landscape with olive trees, 1992 - Galerie Institut","isPartOf":{"@id":"https:\/\/galerie-institut.com\/en\/#website"},"primaryImageOfPage":{"@id":"https:\/\/galerie-institut.com\/en\/produit\/muhl-roger-paysage-grassois-aux-oliviers-1992\/#primaryimage"},"image":{"@id":"https:\/\/galerie-institut.com\/en\/produit\/muhl-roger-paysage-grassois-aux-oliviers-1992\/#primaryimage"},"thumbnailUrl":"https:\/\/galerie-institut.com\/wp-content\/uploads\/2021\/11\/Muhl-Paysage-Grassois-aux-oliviers-1992.jpg","datePublished":"2021-11-03T10:42:27+00:00","dateModified":"2026-04-27T09:36:32+00:00","description":"D\u00e9couvrez l'oeuvre M\u00fchl, Roger, Grasse landscape with olive trees, 1992 disponible \u00e0 la Galerie de l'Institut. Si vous \u00eates int\u00e9ress\u00e9.e.s par M\u00fchl, Roger, Grasse landscape with olive trees, 1992 merci de nous contacter \u00e0 contact@galerie-institut.com","breadcrumb":{"@id":"https:\/\/galerie-institut.com\/en\/produit\/muhl-roger-paysage-grassois-aux-oliviers-1992\/#breadcrumb"},"inLanguage":"en-US","potentialAction":[{"@type":"ReadAction","target":["https:\/\/galerie-institut.com\/en\/produit\/muhl-roger-paysage-grassois-aux-oliviers-1992\/"]}]},{"@type":"ImageObject","inLanguage":"en-US","@id":"https:\/\/galerie-institut.com\/en\/produit\/muhl-roger-paysage-grassois-aux-oliviers-1992\/#primaryimage","url":"https:\/\/galerie-institut.com\/wp-content\/uploads\/2021\/11\/Muhl-Paysage-Grassois-aux-oliviers-1992.jpg","contentUrl":"https:\/\/galerie-institut.com\/wp-content\/uploads\/2021\/11\/Muhl-Paysage-Grassois-aux-oliviers-1992.jpg","width":1000,"height":1000},{"@type":"BreadcrumbList","@id":"https:\/\/galerie-institut.com\/en\/produit\/muhl-roger-paysage-grassois-aux-oliviers-1992\/#breadcrumb","itemListElement":[{"@type":"ListItem","position":1,"name":"Accueil","item":"https:\/\/galerie-institut.com\/en\/accueil\/"},{"@type":"ListItem","position":2,"name":"Boutique","item":"https:\/\/galerie-institut.com\/?page_id=8607"},{"@type":"ListItem","position":3,"name":"M\u00fchl, Roger, Grasse landscape with olive trees, 1992"}]},{"@type":"WebSite","@id":"https:\/\/galerie-institut.com\/en\/#website","url":"https:\/\/galerie-institut.com\/en\/","name":"Galerie Institut","description":"","potentialAction":[{"@type":"SearchAction","target":{"@type":"EntryPoint","urlTemplate":"https:\/\/galerie-institut.com\/en\/?s={search_term_string}"},"query-input":{"@type":"PropertyValueSpecification","valueRequired":true,"valueName":"search_term_string"}}],"inLanguage":"en-US"}]}},"_links":{"self":[{"href":"https:\/\/galerie-institut.com\/en\/wp-json\/wp\/v2\/product\/17382","targetHints":{"allow":["GET"]}}],"collection":[{"href":"https:\/\/galerie-institut.com\/en\/wp-json\/wp\/v2\/product"}],"about":[{"href":"https:\/\/galerie-institut.com\/en\/wp-json\/wp\/v2\/types\/product"}],"replies":[{"embeddable":true,"href":"https:\/\/galerie-institut.com\/en\/wp-json\/wp\/v2\/comments?post=17382"}],"wp:featuredmedia":[{"embeddable":true,"href":"https:\/\/galerie-institut.com\/en\/wp-json\/wp\/v2\/media\/17383"}],"wp:attachment":[{"href":"https:\/\/galerie-institut.com\/en\/wp-json\/wp\/v2\/media?parent=17382"}],"wp:term":[{"taxonomy":"product_brand","embeddable":true,"href":"https:\/\/galerie-institut.com\/en\/wp-json\/wp\/v2\/product_brand?post=17382"},{"taxonomy":"product_cat","embeddable":true,"href":"https:\/\/galerie-institut.com\/en\/wp-json\/wp\/v2\/product_cat?post=17382"},{"taxonomy":"product_tag","embeddable":true,"href":"https:\/\/galerie-institut.com\/en\/wp-json\/wp\/v2\/product_tag?post=17382"}],"curies":[{"name":"wp","href":"https:\/\/api.w.org\/{rel}","templated":true}]}}

Mühl, Roger, Grasse landscape with olive trees, 1992

<p>A long-time resident of Mougins, Roger Mühl spent much of his time painting the landscapes of southeastern France, as the seasons passed and he contemplated nature. From this canvas emanates the sweltering summer heat of the Grasse countryside, with sunlight bleaching the olive trees and meadows. The painter pays great attention to luminosity in his perception of reality, which is why some of the darker areas subtly reveal that under the olive trees, shade may provide a little freshness.  </p>

<!-- This site is optimized with the Yoast SEO plugin v27.5 - https://yoast.com/product/yoast-seo-wordpress/ -->
<title>Mühl, Roger, Grasse landscape with olive trees, 1992 - Galerie Institut</title>
<meta name="description" content="Découvrez l&#039;oeuvre Mühl, Roger, Grasse landscape with olive trees, 1992 disponible à la Galerie de l&#039;Institut. Si vous êtes intéressé.e.s par Mühl, Roger, Grasse landscape with olive trees, 1992 merci de nous contacter à contact@galerie-institut.com" />
<meta name="robots" content="index, follow, max-snippet:-1, max-image-preview:large, max-video-preview:-1" />
<link rel="canonical" href="https://galerie-institut.com/en/produit/muhl-roger-paysage-grassois-aux-oliviers-1992/" />
<meta property="og:locale" content="en_US" />
<meta property="og:type" content="article" />
<meta property="og:title" content="Mühl, Roger, Grasse landscape with olive trees, 1992 - Galerie Institut" />
<meta property="og:description" content="Découvrez l&#039;oeuvre Mühl, Roger, Grasse landscape with olive trees, 1992 disponible à la Galerie de l&#039;Institut. Si vous êtes intéressé.e.s par Mühl, Roger, Grasse landscape with olive trees, 1992 merci de nous contacter à contact@galerie-institut.com" />
<meta property="og:url" content="https://galerie-institut.com/en/produit/muhl-roger-paysage-grassois-aux-oliviers-1992/" />
<meta property="og:site_name" content="Galerie Institut" />
<meta property="article:modified_time" content="2026-04-27T09:36:32+00:00" />
<meta property="og:image" content="https://galerie-institut.com/wp-content/uploads/2021/11/Muhl-Paysage-Grassois-aux-oliviers-1992.jpg" />
	<meta property="og:image:width" content="1000" />
	<meta property="og:image:height" content="1000" />
	<meta property="og:image:type" content="image/jpeg" />
<meta name="twitter:card" content="summary_large_image" />
<script type="application/ld+json" class="yoast-schema-graph">{"@context":"https:\/\/schema.org","@graph":[{"@type":"WebPage","@id":"https:\/\/galerie-institut.com\/en\/produit\/muhl-roger-paysage-grassois-aux-oliviers-1992\/","url":"https:\/\/galerie-institut.com\/en\/produit\/muhl-roger-paysage-grassois-aux-oliviers-1992\/","name":"Mühl, Roger, Grasse landscape with olive trees, 1992 - Galerie Institut","isPartOf":{"@id":"https:\/\/galerie-institut.com\/en\/#website"},"primaryImageOfPage":{"@id":"https:\/\/galerie-institut.com\/en\/produit\/muhl-roger-paysage-grassois-aux-oliviers-1992\/#primaryimage"},"image":{"@id":"https:\/\/galerie-institut.com\/en\/produit\/muhl-roger-paysage-grassois-aux-oliviers-1992\/#primaryimage"},"thumbnailUrl":"https:\/\/galerie-institut.com\/wp-content\/uploads\/2021\/11\/Muhl-Paysage-Grassois-aux-oliviers-1992.jpg","datePublished":"2021-11-03T10:42:27+00:00","dateModified":"2026-04-27T09:36:32+00:00","description":"Découvrez l'oeuvre Mühl, Roger, Grasse landscape with olive trees, 1992 disponible à la Galerie de l'Institut. Si vous êtes intéressé.e.s par Mühl, Roger, Grasse landscape with olive trees, 1992 merci de nous contacter à contact@galerie-institut.com","breadcrumb":{"@id":"https:\/\/galerie-institut.com\/en\/produit\/muhl-roger-paysage-grassois-aux-oliviers-1992\/#breadcrumb"},"inLanguage":"en-US","potentialAction":[{"@type":"ReadAction","target":["https:\/\/galerie-institut.com\/en\/produit\/muhl-roger-paysage-grassois-aux-oliviers-1992\/"]}]},{"@type":"ImageObject","inLanguage":"en-US","@id":"https:\/\/galerie-institut.com\/en\/produit\/muhl-roger-paysage-grassois-aux-oliviers-1992\/#primaryimage","url":"https:\/\/galerie-institut.com\/wp-content\/uploads\/2021\/11\/Muhl-Paysage-Grassois-aux-oliviers-1992.jpg","contentUrl":"https:\/\/galerie-institut.com\/wp-content\/uploads\/2021\/11\/Muhl-Paysage-Grassois-aux-oliviers-1992.jpg","width":1000,"height":1000},{"@type":"BreadcrumbList","@id":"https:\/\/galerie-institut.com\/en\/produit\/muhl-roger-paysage-grassois-aux-oliviers-1992\/#breadcrumb","itemListElement":[{"@type":"ListItem","position":1,"name":"Accueil","item":"https:\/\/galerie-institut.com\/en\/accueil\/"},{"@type":"ListItem","position":2,"name":"Boutique","item":"https:\/\/galerie-institut.com\/?page_id=8607"},{"@type":"ListItem","position":3,"name":"Mühl, Roger, Grasse landscape with olive trees, 1992"}]},{"@type":"WebSite","@id":"https:\/\/galerie-institut.com\/en\/#website","url":"https:\/\/galerie-institut.com\/en\/","name":"Galerie Institut","description":"","potentialAction":[{"@type":"SearchAction","target":{"@type":"EntryPoint","urlTemplate":"https:\/\/galerie-institut.com\/en\/?s={search_term_string}"},"query-input":{"@type":"PropertyValueSpecification","valueRequired":true,"valueName":"search_term_string"}}],"inLanguage":"en-US"}]}</script>
<!-- / Yoast SEO plugin. -->

Mühl, Roger, Grasse landscape with olive trees, 1992 - Galerie Institut

Découvrez l'oeuvre Mühl, Roger, Grasse landscape with olive trees, 1992 disponible à la Galerie de l'Institut. Si vous êtes intéressé.e.s par Mühl, Roger, Grasse landscape with olive trees, 1992 merci de nous contacter à contact@galerie-institut.com
